{"id":6817,"date":"2025-12-03T08:23:28","date_gmt":"2025-12-03T07:23:28","guid":{"rendered":"https:\/\/www.anatomic.sk\/eshop\/?post_type=product&#038;p=6817"},"modified":"2026-03-18T11:27:54","modified_gmt":"2026-03-18T10:27:54","slug":"lezecka-struktura-l-20","status":"publish","type":"product","link":"https:\/\/www.anatomic.sk\/eshop\/produkt\/lezecka-struktura-l-20\/","title":{"rendered":"Trojuholn\u00edky 20\u00b0 &#8211; set"},"content":{"rendered":"<h2>Trojuholn\u00edky 20\u00b0 \u2013 set<\/h2>\n<p>Set Trojuholn\u00edky 20\u00b0 obsahuje v\u0161etky \u0161tyri ve\u013ekosti tejto klasickej trojuholn\u00edkovej \u0161trukt\u00fary. Jednotn\u00fd sklon 20\u00b0 na v\u0161etk\u00fdch ploch\u00e1ch jemne men\u00ed geometriu steny a nevytv\u00e1rania pr\u00edli\u0161 v\u00fdrazn\u00e9 \u010di alebo agres\u00edvne tvary. Set je ide\u00e1lny na technick\u00e9 pas\u00e1\u017ee, prechodn\u00e9 kroky a prec\u00edznu pr\u00e1cu s telom.<\/p>\n<p>Ka\u017ed\u00e1 ve\u013ekos\u0165 prin\u00e1\u0161a mierne odli\u0161n\u00fd charakter, \u010do umo\u017e\u0148uje routesetterom vytv\u00e1ra\u0165 vrstven\u00e9 kompoz\u00edcie, plynul\u00e9 prechody alebo dlh\u0161ie l\u00ednie, ktor\u00e9 prirodzene nadv\u00e4zuj\u00fa jedna na druh\u00fa. Plochy v\u00e4\u010d\u0161\u00edch \u0161trukt\u00far s\u00fa dostato\u010dne ve\u013ek\u00e9 na osadenie men\u0161\u00edch chytov, \u010do roz\u0161iruje mo\u017enosti nastavenia obtia\u017enosti aj \u0161t\u00fdlu lezenia.<\/p>\n<p>Ochrann\u00e9 oce\u013eov\u00e9 vlo\u017eky M5 v mont\u00e1\u017enych otvoroch u\u013eah\u010duj\u00fa in\u0161tal\u00e1ciu a chr\u00e1nia \u0161trukt\u00fary pri \u010dastej prestavbe ciest. Oce\u013eov\u00e9 matice M10 umo\u017e\u0148uj\u00fa pevn\u00e9 osadenie \u010fal\u0161\u00edch chytov pomocou imbusov\u00fdch skrutiek, pri\u010dom chyty je mo\u017en\u00e9 upevni\u0165 aj kdeko\u013evek na povrchu pomocou skrutiek do dreva.<\/p>\n<p>V\u0161etky \u0161trukt\u00fary s\u00fa vyroben\u00e9 z kvalitnej 18 mm hrubej preglejky, presne rezanej na CNC stroji. Jednotliv\u00e9 diely s\u00fa lepen\u00e9 a skrutkovan\u00e9 pre zabezpe\u010denie pevnosti a dlhej \u017eivotnosti. Povrchov\u00e1 \u00faprava poskytuje konzistentn\u00e9 trenie a vysok\u00fa odolnos\u0165 aj pri intenz\u00edvnom pou\u017e\u00edvan\u00ed.<\/p>\n<p>Upozornenie: Mont\u00e1\u017ene skrutky nie s\u00fa s\u00fa\u010das\u0165ou balenia.<\/p>\n<p>\u00a9 Anatomic 2021<\/p>\n\n    <div class=\"xs_social_share_widget xs_share_url after_content \t\tmain_content  wslu-style-1 wslu-share-box-shaped wslu-fill-colored wslu-none wslu-share-horizontal wslu-theme-font-no wslu-main_content\">\n\n\t\t\n        <ul>\n\t\t\t        <\/ul>\n    <\/div> \n","protected":false},"excerpt":{"rendered":"<table>\n<tbody>\n<tr>\n<td>Po\u010det v sete<\/td>\n<td>4<\/td>\n<\/tr>\n<tr>\n<td>Ve\u013ekos\u0165 -varianty<\/td>\n<td>S, M, L, XL<\/td>\n<\/tr>\n<tr>\n<td>Rozmery (cm)<\/td>\n<\/tr>\n<tr>\n<td>27 x 5,7<\/td>\n<td>40 x 9<\/td>\n<td>55 x 11,5<\/td>\n<td>69 x 14 cm<\/td>\n<\/tr>\n<tr>\n<td colspan=\"4\"><img fetchpriority=\"high\" decoding=\"async\" class=\"alignnone size-medium wp-image-11046\" src=\"https:\/\/www.anatomic.sk\/eshop\/wp-content\/uploads\/2025\/12\/plywood-volumes-triangle-20-family-300x178.png\" alt=\"Trojuholn\u00edky 20\u00b0 | Triangles - Plywood Volumes Anatomic\" width=\"300\" height=\"178\" srcset=\"https:\/\/www.anatomic.sk\/eshop\/wp-content\/uploads\/2025\/12\/plywood-volumes-triangle-20-family-300x178.png 300w, https:\/\/www.anatomic.sk\/eshop\/wp-content\/uploads\/2025\/12\/plywood-volumes-triangle-20-family.png 600w\" sizes=\"(max-width: 300px) 100vw, 300px\" \/><\/td>\n<\/tr>\n<tr>\n<td style=\"vertical-align: middle;\">Mont\u00e1\u017e<\/td>\n<td style=\"vertical-align: middle;\">24x<\/td>\n<td style=\"vertical-align: middle;\"><img decoding=\"async\" class=\"aligncenter wp-image-10985 size-full\" src=\"https:\/\/www.anatomic.sk\/eshop\/wp-content\/uploads\/2025\/12\/screw.png\" alt=\"\" width=\"50\" height=\"50\" \/><\/td>\n<\/tr>\n<tr>\n<td style=\"vertical-align: middle;\">Pou\u017eitie<\/td>\n<td style=\"vertical-align: middle;\"><img decoding=\"async\" class=\"aligncenter wp-image-10989\" src=\"https:\/\/www.anatomic.sk\/eshop\/wp-content\/uploads\/2025\/12\/90-angle.jpg\" alt=\"\" width=\"45\" height=\"45\" srcset=\"https:\/\/www.anatomic.sk\/eshop\/wp-content\/uploads\/2025\/12\/90-angle.jpg 60w, https:\/\/www.anatomic.sk\/eshop\/wp-content\/uploads\/2025\/12\/90-angle-50x50.jpg 50w\" sizes=\"(max-width: 45px) 100vw, 45px\" \/><\/td>\n<td style=\"vertical-align: middle;\"><img loading=\"lazy\" decoding=\"async\" class=\"aligncenter wp-image-10987\" src=\"https:\/\/www.anatomic.sk\/eshop\/wp-content\/uploads\/2025\/12\/0-angle.jpg\" alt=\"\" width=\"45\" height=\"45\" srcset=\"https:\/\/www.anatomic.sk\/eshop\/wp-content\/uploads\/2025\/12\/0-angle.jpg 60w, https:\/\/www.anatomic.sk\/eshop\/wp-content\/uploads\/2025\/12\/0-angle-50x50.jpg 50w\" sizes=\"(max-width: 45px) 100vw, 45px\" \/><\/td>\n<\/tr>\n<\/tbody>\n<\/table>\n","protected":false},"featured_media":11039,"template":"","meta":{"_acf_changed":false},"product_brand":[],"product_cat":[327,329],"product_tag":[],"class_list":{"0":"post-6817","1":"product","2":"type-product","3":"status-publish","4":"has-post-thumbnail","6":"product_cat-drevene-struktury","7":"product_cat-trojuholniky","8":"product_shipping_class-max-lenght-80","10":"first","11":"instock","12":"taxable","13":"shipping-taxable","14":"purchasable","15":"product-type-variable","16":"has-default-attributes"},"acf":[],"yoast_head":"<!-- This site is optimized with the Yoast SEO plugin v27.4 - https:\/\/yoast.com\/product\/yoast-seo-wordpress\/ -->\n<title>Trojuholn\u00edky 20\u00b0 - set - Dreven\u00e9 \u0161trukt\u00fary | anatomic.sk<\/title>\n<meta name=\"description\" content=\"Trojuholn\u00edky 20\u00b0 - set - Jednotn\u00fd sklon 20\u00b0 na v\u0161etk\u00fdch ploch\u00e1ch jemne men\u00ed geometriu steny a nevytv\u00e1rania pr\u00edli\u0161 v\u00fdrazn\u00e9 \u010di alebo agres\u00edvne tvary.\" \/>\n<meta name=\"robots\" content=\"index, follow, max-snippet:-1, max-image-preview:large, max-video-preview:-1\" \/>\n<link rel=\"canonical\" href=\"https:\/\/www.anatomic.sk\/eshop\/produkt\/lezecka-struktura-l-20\/\" \/>\n<meta property=\"og:locale\" content=\"sk_SK\" \/>\n<meta property=\"og:type\" content=\"article\" \/>\n<meta property=\"og:title\" content=\"Trojuholn\u00edky 20\u00b0 - set - Dreven\u00e9 \u0161trukt\u00fary | anatomic.sk\" \/>\n<meta property=\"og:description\" content=\"Trojuholn\u00edky 20\u00b0 - set - Jednotn\u00fd sklon 20\u00b0 na v\u0161etk\u00fdch ploch\u00e1ch jemne men\u00ed geometriu steny a nevytv\u00e1rania pr\u00edli\u0161 v\u00fdrazn\u00e9 \u010di alebo agres\u00edvne tvary.\" \/>\n<meta property=\"og:url\" content=\"https:\/\/www.anatomic.sk\/eshop\/produkt\/lezecka-struktura-l-20\/\" \/>\n<meta property=\"og:site_name\" content=\"Anatomic.sk\" \/>\n<meta property=\"article:publisher\" content=\"https:\/\/www.facebook.com\/anatomic.sk\" \/>\n<meta property=\"article:modified_time\" content=\"2026-03-18T10:27:54+00:00\" \/>\n<meta property=\"og:image\" content=\"https:\/\/www.anatomic.sk\/eshop\/wp-content\/uploads\/2025\/12\/plywood-volumes-triangle-20-family.jpg\" \/>\n\t<meta property=\"og:image:width\" content=\"1024\" \/>\n\t<meta property=\"og:image:height\" content=\"1024\" \/>\n\t<meta property=\"og:image:type\" content=\"image\/jpeg\" \/>\n<meta name=\"twitter:card\" content=\"summary_large_image\" \/>\n<meta name=\"twitter:label1\" content=\"Predpokladan\u00fd \u010das \u010d\u00edtania\" \/>\n\t<meta name=\"twitter:data1\" content=\"2 min\u00faty\" \/>\n<script type=\"application\/ld+json\" class=\"yoast-schema-graph\">{\"@context\":\"https:\\\/\\\/schema.org\",\"@graph\":[{\"@type\":\"WebPage\",\"@id\":\"https:\\\/\\\/www.anatomic.sk\\\/eshop\\\/produkt\\\/lezecka-struktura-l-20\\\/\",\"url\":\"https:\\\/\\\/www.anatomic.sk\\\/eshop\\\/produkt\\\/lezecka-struktura-l-20\\\/\",\"name\":\"Trojuholn\u00edky 20\u00b0 - set - Dreven\u00e9 \u0161trukt\u00fary | anatomic.sk\",\"isPartOf\":{\"@id\":\"https:\\\/\\\/www.anatomic.sk\\\/eshop\\\/#website\"},\"primaryImageOfPage\":{\"@id\":\"https:\\\/\\\/www.anatomic.sk\\\/eshop\\\/produkt\\\/lezecka-struktura-l-20\\\/#primaryimage\"},\"image\":{\"@id\":\"https:\\\/\\\/www.anatomic.sk\\\/eshop\\\/produkt\\\/lezecka-struktura-l-20\\\/#primaryimage\"},\"thumbnailUrl\":\"https:\\\/\\\/www.anatomic.sk\\\/eshop\\\/wp-content\\\/uploads\\\/2025\\\/12\\\/plywood-volumes-triangle-20-family.jpg\",\"datePublished\":\"2025-12-03T07:23:28+00:00\",\"dateModified\":\"2026-03-18T10:27:54+00:00\",\"description\":\"Trojuholn\u00edky 20\u00b0 - set - Jednotn\u00fd sklon 20\u00b0 na v\u0161etk\u00fdch ploch\u00e1ch jemne men\u00ed geometriu steny a nevytv\u00e1rania pr\u00edli\u0161 v\u00fdrazn\u00e9 \u010di alebo agres\u00edvne tvary.\",\"breadcrumb\":{\"@id\":\"https:\\\/\\\/www.anatomic.sk\\\/eshop\\\/produkt\\\/lezecka-struktura-l-20\\\/#breadcrumb\"},\"inLanguage\":\"sk-SK\",\"potentialAction\":[{\"@type\":\"ReadAction\",\"target\":[\"https:\\\/\\\/www.anatomic.sk\\\/eshop\\\/produkt\\\/lezecka-struktura-l-20\\\/\"]}]},{\"@type\":\"ImageObject\",\"inLanguage\":\"sk-SK\",\"@id\":\"https:\\\/\\\/www.anatomic.sk\\\/eshop\\\/produkt\\\/lezecka-struktura-l-20\\\/#primaryimage\",\"url\":\"https:\\\/\\\/www.anatomic.sk\\\/eshop\\\/wp-content\\\/uploads\\\/2025\\\/12\\\/plywood-volumes-triangle-20-family.jpg\",\"contentUrl\":\"https:\\\/\\\/www.anatomic.sk\\\/eshop\\\/wp-content\\\/uploads\\\/2025\\\/12\\\/plywood-volumes-triangle-20-family.jpg\",\"width\":1024,\"height\":1024,\"caption\":\"Trojuholn\u00edky 20\u00b0 | Triangles - Plywood Volumes Anatomic\"},{\"@type\":\"BreadcrumbList\",\"@id\":\"https:\\\/\\\/www.anatomic.sk\\\/eshop\\\/produkt\\\/lezecka-struktura-l-20\\\/#breadcrumb\",\"itemListElement\":[{\"@type\":\"ListItem\",\"position\":1,\"name\":\"Domovsk\u00e1 str\u00e1nka\",\"item\":\"https:\\\/\\\/www.anatomic.sk\\\/eshop\\\/\"},{\"@type\":\"ListItem\",\"position\":2,\"name\":\"Obchod\",\"item\":\"https:\\\/\\\/www.anatomic.sk\\\/eshop\\\/obchod\\\/\"},{\"@type\":\"ListItem\",\"position\":3,\"name\":\"Trojuholn\u00edky 20\u00b0 &#8211; set\"}]},{\"@type\":\"WebSite\",\"@id\":\"https:\\\/\\\/www.anatomic.sk\\\/eshop\\\/#website\",\"url\":\"https:\\\/\\\/www.anatomic.sk\\\/eshop\\\/\",\"name\":\"Anatomic Climbing Holds\",\"description\":\"Lezeck\u00e9 chyty a \u0161trukt\u00fary\",\"publisher\":{\"@id\":\"https:\\\/\\\/www.anatomic.sk\\\/eshop\\\/#organization\"},\"potentialAction\":[{\"@type\":\"SearchAction\",\"target\":{\"@type\":\"EntryPoint\",\"urlTemplate\":\"https:\\\/\\\/www.anatomic.sk\\\/eshop\\\/?s={search_term_string}\"},\"query-input\":{\"@type\":\"PropertyValueSpecification\",\"valueRequired\":true,\"valueName\":\"search_term_string\"}}],\"inLanguage\":\"sk-SK\"},{\"@type\":\"Organization\",\"@id\":\"https:\\\/\\\/www.anatomic.sk\\\/eshop\\\/#organization\",\"name\":\"Anatomic Climbing Holds\",\"url\":\"https:\\\/\\\/www.anatomic.sk\\\/eshop\\\/\",\"logo\":{\"@type\":\"ImageObject\",\"inLanguage\":\"sk-SK\",\"@id\":\"https:\\\/\\\/www.anatomic.sk\\\/eshop\\\/#\\\/schema\\\/logo\\\/image\\\/\",\"url\":\"https:\\\/\\\/www.anatomic.sk\\\/eshop\\\/wp-content\\\/uploads\\\/2025\\\/12\\\/cropped-logo-anatomic-sk.png\",\"contentUrl\":\"https:\\\/\\\/www.anatomic.sk\\\/eshop\\\/wp-content\\\/uploads\\\/2025\\\/12\\\/cropped-logo-anatomic-sk.png\",\"width\":200,\"height\":67,\"caption\":\"Anatomic Climbing Holds\"},\"image\":{\"@id\":\"https:\\\/\\\/www.anatomic.sk\\\/eshop\\\/#\\\/schema\\\/logo\\\/image\\\/\"},\"sameAs\":[\"https:\\\/\\\/www.facebook.com\\\/anatomic.sk\",\"https:\\\/\\\/www.instagram.com\\\/anatomic_holds_walls\\\/\"]}]}<\/script>\n<!-- \/ Yoast SEO plugin. -->","yoast_head_json":{"title":"Trojuholn\u00edky 20\u00b0 - set - Dreven\u00e9 \u0161trukt\u00fary | anatomic.sk","description":"Trojuholn\u00edky 20\u00b0 - set - Jednotn\u00fd sklon 20\u00b0 na v\u0161etk\u00fdch ploch\u00e1ch jemne men\u00ed geometriu steny a nevytv\u00e1rania pr\u00edli\u0161 v\u00fdrazn\u00e9 \u010di alebo agres\u00edvne tvary.","robots":{"index":"index","follow":"follow","max-snippet":"max-snippet:-1","max-image-preview":"max-image-preview:large","max-video-preview":"max-video-preview:-1"},"canonical":"https:\/\/www.anatomic.sk\/eshop\/produkt\/lezecka-struktura-l-20\/","og_locale":"sk_SK","og_type":"article","og_title":"Trojuholn\u00edky 20\u00b0 - set - Dreven\u00e9 \u0161trukt\u00fary | anatomic.sk","og_description":"Trojuholn\u00edky 20\u00b0 - set - Jednotn\u00fd sklon 20\u00b0 na v\u0161etk\u00fdch ploch\u00e1ch jemne men\u00ed geometriu steny a nevytv\u00e1rania pr\u00edli\u0161 v\u00fdrazn\u00e9 \u010di alebo agres\u00edvne tvary.","og_url":"https:\/\/www.anatomic.sk\/eshop\/produkt\/lezecka-struktura-l-20\/","og_site_name":"Anatomic.sk","article_publisher":"https:\/\/www.facebook.com\/anatomic.sk","article_modified_time":"2026-03-18T10:27:54+00:00","og_image":[{"width":1024,"height":1024,"url":"https:\/\/www.anatomic.sk\/eshop\/wp-content\/uploads\/2025\/12\/plywood-volumes-triangle-20-family.jpg","type":"image\/jpeg"}],"twitter_card":"summary_large_image","twitter_misc":{"Predpokladan\u00fd \u010das \u010d\u00edtania":"2 min\u00faty"},"schema":{"@context":"https:\/\/schema.org","@graph":[{"@type":"WebPage","@id":"https:\/\/www.anatomic.sk\/eshop\/produkt\/lezecka-struktura-l-20\/","url":"https:\/\/www.anatomic.sk\/eshop\/produkt\/lezecka-struktura-l-20\/","name":"Trojuholn\u00edky 20\u00b0 - set - Dreven\u00e9 \u0161trukt\u00fary | anatomic.sk","isPartOf":{"@id":"https:\/\/www.anatomic.sk\/eshop\/#website"},"primaryImageOfPage":{"@id":"https:\/\/www.anatomic.sk\/eshop\/produkt\/lezecka-struktura-l-20\/#primaryimage"},"image":{"@id":"https:\/\/www.anatomic.sk\/eshop\/produkt\/lezecka-struktura-l-20\/#primaryimage"},"thumbnailUrl":"https:\/\/www.anatomic.sk\/eshop\/wp-content\/uploads\/2025\/12\/plywood-volumes-triangle-20-family.jpg","datePublished":"2025-12-03T07:23:28+00:00","dateModified":"2026-03-18T10:27:54+00:00","description":"Trojuholn\u00edky 20\u00b0 - set - Jednotn\u00fd sklon 20\u00b0 na v\u0161etk\u00fdch ploch\u00e1ch jemne men\u00ed geometriu steny a nevytv\u00e1rania pr\u00edli\u0161 v\u00fdrazn\u00e9 \u010di alebo agres\u00edvne tvary.","breadcrumb":{"@id":"https:\/\/www.anatomic.sk\/eshop\/produkt\/lezecka-struktura-l-20\/#breadcrumb"},"inLanguage":"sk-SK","potentialAction":[{"@type":"ReadAction","target":["https:\/\/www.anatomic.sk\/eshop\/produkt\/lezecka-struktura-l-20\/"]}]},{"@type":"ImageObject","inLanguage":"sk-SK","@id":"https:\/\/www.anatomic.sk\/eshop\/produkt\/lezecka-struktura-l-20\/#primaryimage","url":"https:\/\/www.anatomic.sk\/eshop\/wp-content\/uploads\/2025\/12\/plywood-volumes-triangle-20-family.jpg","contentUrl":"https:\/\/www.anatomic.sk\/eshop\/wp-content\/uploads\/2025\/12\/plywood-volumes-triangle-20-family.jpg","width":1024,"height":1024,"caption":"Trojuholn\u00edky 20\u00b0 | Triangles - Plywood Volumes Anatomic"},{"@type":"BreadcrumbList","@id":"https:\/\/www.anatomic.sk\/eshop\/produkt\/lezecka-struktura-l-20\/#breadcrumb","itemListElement":[{"@type":"ListItem","position":1,"name":"Domovsk\u00e1 str\u00e1nka","item":"https:\/\/www.anatomic.sk\/eshop\/"},{"@type":"ListItem","position":2,"name":"Obchod","item":"https:\/\/www.anatomic.sk\/eshop\/obchod\/"},{"@type":"ListItem","position":3,"name":"Trojuholn\u00edky 20\u00b0 &#8211; set"}]},{"@type":"WebSite","@id":"https:\/\/www.anatomic.sk\/eshop\/#website","url":"https:\/\/www.anatomic.sk\/eshop\/","name":"Anatomic Climbing Holds","description":"Lezeck\u00e9 chyty a \u0161trukt\u00fary","publisher":{"@id":"https:\/\/www.anatomic.sk\/eshop\/#organization"},"potentialAction":[{"@type":"SearchAction","target":{"@type":"EntryPoint","urlTemplate":"https:\/\/www.anatomic.sk\/eshop\/?s={search_term_string}"},"query-input":{"@type":"PropertyValueSpecification","valueRequired":true,"valueName":"search_term_string"}}],"inLanguage":"sk-SK"},{"@type":"Organization","@id":"https:\/\/www.anatomic.sk\/eshop\/#organization","name":"Anatomic Climbing Holds","url":"https:\/\/www.anatomic.sk\/eshop\/","logo":{"@type":"ImageObject","inLanguage":"sk-SK","@id":"https:\/\/www.anatomic.sk\/eshop\/#\/schema\/logo\/image\/","url":"https:\/\/www.anatomic.sk\/eshop\/wp-content\/uploads\/2025\/12\/cropped-logo-anatomic-sk.png","contentUrl":"https:\/\/www.anatomic.sk\/eshop\/wp-content\/uploads\/2025\/12\/cropped-logo-anatomic-sk.png","width":200,"height":67,"caption":"Anatomic Climbing Holds"},"image":{"@id":"https:\/\/www.anatomic.sk\/eshop\/#\/schema\/logo\/image\/"},"sameAs":["https:\/\/www.facebook.com\/anatomic.sk","https:\/\/www.instagram.com\/anatomic_holds_walls\/"]}]}},"_links":{"self":[{"href":"https:\/\/www.anatomic.sk\/eshop\/wp-json\/wp\/v2\/product\/6817","targetHints":{"allow":["GET"]}}],"collection":[{"href":"https:\/\/www.anatomic.sk\/eshop\/wp-json\/wp\/v2\/product"}],"about":[{"href":"https:\/\/www.anatomic.sk\/eshop\/wp-json\/wp\/v2\/types\/product"}],"version-history":[{"count":7,"href":"https:\/\/www.anatomic.sk\/eshop\/wp-json\/wp\/v2\/product\/6817\/revisions"}],"predecessor-version":[{"id":11040,"href":"https:\/\/www.anatomic.sk\/eshop\/wp-json\/wp\/v2\/product\/6817\/revisions\/11040"}],"wp:featuredmedia":[{"embeddable":true,"href":"https:\/\/www.anatomic.sk\/eshop\/wp-json\/wp\/v2\/media\/11039"}],"wp:attachment":[{"href":"https:\/\/www.anatomic.sk\/eshop\/wp-json\/wp\/v2\/media?parent=6817"}],"wp:term":[{"taxonomy":"product_brand","embeddable":true,"href":"https:\/\/www.anatomic.sk\/eshop\/wp-json\/wp\/v2\/product_brand?post=6817"},{"taxonomy":"product_cat","embeddable":true,"href":"https:\/\/www.anatomic.sk\/eshop\/wp-json\/wp\/v2\/product_cat?post=6817"},{"taxonomy":"product_tag","embeddable":true,"href":"https:\/\/www.anatomic.sk\/eshop\/wp-json\/wp\/v2\/product_tag?post=6817"}],"curies":[{"name":"wp","href":"https:\/\/api.w.org\/{rel}","templated":true}]}}