{"id":11007,"date":"2026-01-13T15:08:48","date_gmt":"2026-01-13T14:08:48","guid":{"rendered":"https:\/\/www.anatomic.sk\/eshop\/?post_type=product&#038;p=11007"},"modified":"2026-03-18T11:18:45","modified_gmt":"2026-03-18T10:18:45","slug":"lezecka-struktura-tent","status":"publish","type":"product","link":"https:\/\/www.anatomic.sk\/eshop\/produkt\/lezecka-struktura-tent\/","title":{"rendered":"Tent"},"content":{"rendered":"<h2>Lezeck\u00e9 \u0161trukt\u00fary Tent<\/h2>\n<p>Lezeck\u00e9 \u0161trukt\u00fary Tent s\u00fa vyroben\u00e9 z kvalitnej 18 mm hrubej preglejky, \u010do zaru\u010duje pevnos\u0165 a dlh\u00fa \u017eivotnos\u0165. Povrch <a href=\"https:\/\/www.anatomic.sk\/eshop\/produkt-kategoria\/drevene-struktury\/\">\u0161trukt\u00fary<\/a> je pripraven\u00fd na osadenie lezeck\u00fdch chytov, v\u010faka \u010domu si m\u00f4\u017eete prisp\u00f4sobi\u0165 obtia\u017enos\u0165 a \u0161t\u00fdl lezenia pod\u013ea potrieb.<\/p>\n<p>V sete je 5 \u0161trukt\u00far v pribli\u017ene rovnak\u00fdch rozmeroch pri\u010dom sklon\/ uhol pre uchopenie sa l\u00ed\u0161i.<\/p>\n<p><a href=\"https:\/\/www.anatomic.sk\/eshop\/wp-content\/uploads\/2026\/01\/tent-50.png\"><img decoding=\"async\" class=\"alignnone wp-image-11020 size-medium\" src=\"https:\/\/www.anatomic.sk\/eshop\/wp-content\/uploads\/2026\/01\/tent-50-300x154.png\" alt=\"\" width=\"300\" height=\"154\" srcset=\"https:\/\/www.anatomic.sk\/eshop\/wp-content\/uploads\/2026\/01\/tent-50-300x154.png 300w, https:\/\/www.anatomic.sk\/eshop\/wp-content\/uploads\/2026\/01\/tent-50.png 600w\" sizes=\"(max-width: 300px) 100vw, 300px\" \/><\/a> <a href=\"https:\/\/www.anatomic.sk\/eshop\/wp-content\/uploads\/2026\/01\/tent-80-90.png\"><img fetchpriority=\"high\" decoding=\"async\" class=\"alignnone wp-image-11019 size-medium\" src=\"https:\/\/www.anatomic.sk\/eshop\/wp-content\/uploads\/2026\/01\/tent-80-90-300x168.png\" alt=\"\" width=\"300\" height=\"168\" srcset=\"https:\/\/www.anatomic.sk\/eshop\/wp-content\/uploads\/2026\/01\/tent-80-90-300x168.png 300w, https:\/\/www.anatomic.sk\/eshop\/wp-content\/uploads\/2026\/01\/tent-80-90.png 599w\" sizes=\"(max-width: 300px) 100vw, 300px\" \/><\/a> <a href=\"https:\/\/www.anatomic.sk\/eshop\/wp-content\/uploads\/2026\/01\/tent-45.png\"><img decoding=\"async\" class=\"alignnone wp-image-11018 size-medium\" src=\"https:\/\/www.anatomic.sk\/eshop\/wp-content\/uploads\/2026\/01\/tent-45-300x200.png\" alt=\"\" width=\"300\" height=\"200\" srcset=\"https:\/\/www.anatomic.sk\/eshop\/wp-content\/uploads\/2026\/01\/tent-45-300x200.png 300w, https:\/\/www.anatomic.sk\/eshop\/wp-content\/uploads\/2026\/01\/tent-45.png 600w\" sizes=\"(max-width: 300px) 100vw, 300px\" \/><\/a> <a href=\"https:\/\/www.anatomic.sk\/eshop\/wp-content\/uploads\/2026\/01\/tent-20.png\"><img loading=\"lazy\" decoding=\"async\" class=\"alignnone wp-image-11017 size-medium\" src=\"https:\/\/www.anatomic.sk\/eshop\/wp-content\/uploads\/2026\/01\/tent-20-300x166.png\" alt=\"\" width=\"300\" height=\"166\" srcset=\"https:\/\/www.anatomic.sk\/eshop\/wp-content\/uploads\/2026\/01\/tent-20-300x166.png 300w, https:\/\/www.anatomic.sk\/eshop\/wp-content\/uploads\/2026\/01\/tent-20.png 600w\" sizes=\"(max-width: 300px) 100vw, 300px\" \/><\/a><br \/>\n\u0160trukt\u00fary s\u00fa ide\u00e1lne rie\u0161enie ako obohati\u0165 lezeck\u00fa stenu o nov\u00e9 mo\u017enosti lezenia a prid\u00e1vaj\u00fa nov\u00e9 lezeck\u00e9 l\u00ednie. \u0160trukt\u00fary s\u00fa vhodn\u00e9 na ak\u00e9hoko\u013evek typ lezeckej l\u00ednie \u2013 \u010di u\u017e ide o kolm\u00fa stenu alebo technicky n\u00e1ro\u010dnej\u0161\u00ed previs, vhodn\u00e9 s\u00fa pre tr\u00e9ningov\u00e9 steny, <a href=\"https:\/\/www.anatomic.sk\/lezecke-steny\/0-vsetky-steny\/\" target=\"_blank\" rel=\"noopener\">komer\u010dn\u00e9 lezeck\u00e9 centr\u00e1<\/a> aj dom\u00e1ce bouldrovky. V\u00fdborn\u00e9 s\u00fa na stavbu pretek\u00e1rskych lezeck\u00fdch ciest alebo bouldrov.<\/p>\n<p><strong>Upozornenie:<\/strong> Mont\u00e1\u017ene skrutky nie s\u00fa s\u00fa\u010das\u0165ou balenia. Odpor\u00fa\u010dame pou\u017ei\u0165 vhodn\u00fd typ <a href=\"https:\/\/www.anatomic.sk\/eshop\/produkt-kategoria\/doplnky\/\">upev\u0148ovacieho materi\u00e1lu<\/a> pod\u013ea kon\u0161trukcie va\u0161ej steny.<\/p>\n<p style=\"text-align: center\">\u00a9 Anatomic 2021<\/p>\n\n    <div class=\"xs_social_share_widget xs_share_url after_content \t\tmain_content  wslu-style-1 wslu-share-box-shaped wslu-fill-colored wslu-none wslu-share-horizontal wslu-theme-font-no wslu-main_content\">\n\n\t\t\n        <ul>\n\t\t\t        <\/ul>\n    <\/div> \n","protected":false},"excerpt":{"rendered":"<table>\n<tbody>\n<tr>\n<td>Po\u010det v sete<\/td>\n<td>5<\/td>\n<\/tr>\n<tr>\n<td>Varianty<\/td>\n<td colspan=\"3\">-20\u00b0, 45\u00b0, 50\u00b0, 80\u00b0, 90\u00b0<\/td>\n<\/tr>\n<tr>\n<td>Rozmery (cm)<\/td>\n<\/tr>\n<tr>\n<td colspan=\"2\">77 x 15 x 8,5<\/td>\n<td colspan=\"2\">92 x 26,5 x 8,5<\/td>\n<\/tr>\n<tr>\n<td colspan=\"2\">90 x 25 x 8,5<\/td>\n<td colspan=\"2\">2ks 85 \u00d7 21 \u00d7 8,5<\/td>\n<\/tr>\n<\/tbody>\n<\/table>\n","protected":false},"featured_media":11012,"template":"","meta":{"_acf_changed":false},"product_brand":[],"product_cat":[327,337],"product_tag":[],"class_list":{"0":"post-11007","1":"product","2":"type-product","3":"status-publish","4":"has-post-thumbnail","6":"product_cat-drevene-struktury","7":"product_cat-typ-tent","8":"product_shipping_class-max-lenght-120","10":"first","11":"instock","12":"taxable","13":"shipping-taxable","14":"purchasable","15":"product-type-variable","16":"has-default-attributes"},"acf":[],"yoast_head":"<!-- This site is optimized with the Yoast SEO plugin v27.4 - https:\/\/yoast.com\/product\/yoast-seo-wordpress\/ -->\n<title>Tent | Dreven\u00e1 \u0161trukt\u00fara | anatomic.sk<\/title>\n<meta name=\"description\" content=\"Lezeck\u00e9 \u0161trukt\u00fary Tent s\u00fa vyroben\u00e9 z kvalitnej 18 mm hrubej preglejky. | V sete je 5 \u0161trukt\u00far v rovnak\u00fdch rozmeroch pri\u010dom sa l\u00ed\u0161i.\" \/>\n<meta name=\"robots\" content=\"index, follow, max-snippet:-1, max-image-preview:large, max-video-preview:-1\" \/>\n<link rel=\"canonical\" href=\"https:\/\/www.anatomic.sk\/eshop\/produkt\/lezecka-struktura-tent\/\" \/>\n<meta property=\"og:locale\" content=\"sk_SK\" \/>\n<meta property=\"og:type\" content=\"article\" \/>\n<meta property=\"og:title\" content=\"Tent | Dreven\u00e1 \u0161trukt\u00fara | anatomic.sk\" \/>\n<meta property=\"og:description\" content=\"Lezeck\u00e9 \u0161trukt\u00fary Tent s\u00fa vyroben\u00e9 z kvalitnej 18 mm hrubej preglejky. | V sete je 5 \u0161trukt\u00far v rovnak\u00fdch rozmeroch pri\u010dom sa l\u00ed\u0161i.\" \/>\n<meta property=\"og:url\" content=\"https:\/\/www.anatomic.sk\/eshop\/produkt\/lezecka-struktura-tent\/\" \/>\n<meta property=\"og:site_name\" content=\"Anatomic.sk\" \/>\n<meta property=\"article:publisher\" content=\"https:\/\/www.facebook.com\/anatomic.sk\" \/>\n<meta property=\"article:modified_time\" content=\"2026-03-18T10:18:45+00:00\" \/>\n<meta property=\"og:image\" content=\"https:\/\/www.anatomic.sk\/eshop\/wp-content\/uploads\/2026\/01\/climbing-volumes-tent-family-3.jpg\" \/>\n\t<meta property=\"og:image:width\" content=\"1024\" \/>\n\t<meta property=\"og:image:height\" content=\"1024\" \/>\n\t<meta property=\"og:image:type\" content=\"image\/jpeg\" \/>\n<meta name=\"twitter:card\" content=\"summary_large_image\" \/>\n<meta name=\"twitter:label1\" content=\"Predpokladan\u00fd \u010das \u010d\u00edtania\" \/>\n\t<meta name=\"twitter:data1\" content=\"2 min\u00faty\" \/>\n<script type=\"application\/ld+json\" class=\"yoast-schema-graph\">{\"@context\":\"https:\\\/\\\/schema.org\",\"@graph\":[{\"@type\":\"WebPage\",\"@id\":\"https:\\\/\\\/www.anatomic.sk\\\/eshop\\\/produkt\\\/lezecka-struktura-tent\\\/\",\"url\":\"https:\\\/\\\/www.anatomic.sk\\\/eshop\\\/produkt\\\/lezecka-struktura-tent\\\/\",\"name\":\"Tent | Dreven\u00e1 \u0161trukt\u00fara | anatomic.sk\",\"isPartOf\":{\"@id\":\"https:\\\/\\\/www.anatomic.sk\\\/eshop\\\/#website\"},\"primaryImageOfPage\":{\"@id\":\"https:\\\/\\\/www.anatomic.sk\\\/eshop\\\/produkt\\\/lezecka-struktura-tent\\\/#primaryimage\"},\"image\":{\"@id\":\"https:\\\/\\\/www.anatomic.sk\\\/eshop\\\/produkt\\\/lezecka-struktura-tent\\\/#primaryimage\"},\"thumbnailUrl\":\"https:\\\/\\\/www.anatomic.sk\\\/eshop\\\/wp-content\\\/uploads\\\/2026\\\/01\\\/climbing-volumes-tent-family-3.jpg\",\"datePublished\":\"2026-01-13T14:08:48+00:00\",\"dateModified\":\"2026-03-18T10:18:45+00:00\",\"description\":\"Lezeck\u00e9 \u0161trukt\u00fary Tent s\u00fa vyroben\u00e9 z kvalitnej 18 mm hrubej preglejky. | V sete je 5 \u0161trukt\u00far v rovnak\u00fdch rozmeroch pri\u010dom sa l\u00ed\u0161i.\",\"breadcrumb\":{\"@id\":\"https:\\\/\\\/www.anatomic.sk\\\/eshop\\\/produkt\\\/lezecka-struktura-tent\\\/#breadcrumb\"},\"inLanguage\":\"sk-SK\",\"potentialAction\":[{\"@type\":\"ReadAction\",\"target\":[\"https:\\\/\\\/www.anatomic.sk\\\/eshop\\\/produkt\\\/lezecka-struktura-tent\\\/\"]}]},{\"@type\":\"ImageObject\",\"inLanguage\":\"sk-SK\",\"@id\":\"https:\\\/\\\/www.anatomic.sk\\\/eshop\\\/produkt\\\/lezecka-struktura-tent\\\/#primaryimage\",\"url\":\"https:\\\/\\\/www.anatomic.sk\\\/eshop\\\/wp-content\\\/uploads\\\/2026\\\/01\\\/climbing-volumes-tent-family-3.jpg\",\"contentUrl\":\"https:\\\/\\\/www.anatomic.sk\\\/eshop\\\/wp-content\\\/uploads\\\/2026\\\/01\\\/climbing-volumes-tent-family-3.jpg\",\"width\":1024,\"height\":1024,\"caption\":\"The Tents | Plywood Volumes | Tenty | Anatomic\"},{\"@type\":\"BreadcrumbList\",\"@id\":\"https:\\\/\\\/www.anatomic.sk\\\/eshop\\\/produkt\\\/lezecka-struktura-tent\\\/#breadcrumb\",\"itemListElement\":[{\"@type\":\"ListItem\",\"position\":1,\"name\":\"Domovsk\u00e1 str\u00e1nka\",\"item\":\"https:\\\/\\\/www.anatomic.sk\\\/eshop\\\/\"},{\"@type\":\"ListItem\",\"position\":2,\"name\":\"Obchod\",\"item\":\"https:\\\/\\\/www.anatomic.sk\\\/eshop\\\/obchod\\\/\"},{\"@type\":\"ListItem\",\"position\":3,\"name\":\"Tent\"}]},{\"@type\":\"WebSite\",\"@id\":\"https:\\\/\\\/www.anatomic.sk\\\/eshop\\\/#website\",\"url\":\"https:\\\/\\\/www.anatomic.sk\\\/eshop\\\/\",\"name\":\"Anatomic Climbing Holds\",\"description\":\"Lezeck\u00e9 chyty a \u0161trukt\u00fary\",\"publisher\":{\"@id\":\"https:\\\/\\\/www.anatomic.sk\\\/eshop\\\/#organization\"},\"potentialAction\":[{\"@type\":\"SearchAction\",\"target\":{\"@type\":\"EntryPoint\",\"urlTemplate\":\"https:\\\/\\\/www.anatomic.sk\\\/eshop\\\/?s={search_term_string}\"},\"query-input\":{\"@type\":\"PropertyValueSpecification\",\"valueRequired\":true,\"valueName\":\"search_term_string\"}}],\"inLanguage\":\"sk-SK\"},{\"@type\":\"Organization\",\"@id\":\"https:\\\/\\\/www.anatomic.sk\\\/eshop\\\/#organization\",\"name\":\"Anatomic Climbing Holds\",\"url\":\"https:\\\/\\\/www.anatomic.sk\\\/eshop\\\/\",\"logo\":{\"@type\":\"ImageObject\",\"inLanguage\":\"sk-SK\",\"@id\":\"https:\\\/\\\/www.anatomic.sk\\\/eshop\\\/#\\\/schema\\\/logo\\\/image\\\/\",\"url\":\"https:\\\/\\\/www.anatomic.sk\\\/eshop\\\/wp-content\\\/uploads\\\/2025\\\/12\\\/cropped-logo-anatomic-sk.png\",\"contentUrl\":\"https:\\\/\\\/www.anatomic.sk\\\/eshop\\\/wp-content\\\/uploads\\\/2025\\\/12\\\/cropped-logo-anatomic-sk.png\",\"width\":200,\"height\":67,\"caption\":\"Anatomic Climbing Holds\"},\"image\":{\"@id\":\"https:\\\/\\\/www.anatomic.sk\\\/eshop\\\/#\\\/schema\\\/logo\\\/image\\\/\"},\"sameAs\":[\"https:\\\/\\\/www.facebook.com\\\/anatomic.sk\",\"https:\\\/\\\/www.instagram.com\\\/anatomic_holds_walls\\\/\"]}]}<\/script>\n<!-- \/ Yoast SEO plugin. -->","yoast_head_json":{"title":"Tent | Dreven\u00e1 \u0161trukt\u00fara | anatomic.sk","description":"Lezeck\u00e9 \u0161trukt\u00fary Tent s\u00fa vyroben\u00e9 z kvalitnej 18 mm hrubej preglejky. | V sete je 5 \u0161trukt\u00far v rovnak\u00fdch rozmeroch pri\u010dom sa l\u00ed\u0161i.","robots":{"index":"index","follow":"follow","max-snippet":"max-snippet:-1","max-image-preview":"max-image-preview:large","max-video-preview":"max-video-preview:-1"},"canonical":"https:\/\/www.anatomic.sk\/eshop\/produkt\/lezecka-struktura-tent\/","og_locale":"sk_SK","og_type":"article","og_title":"Tent | Dreven\u00e1 \u0161trukt\u00fara | anatomic.sk","og_description":"Lezeck\u00e9 \u0161trukt\u00fary Tent s\u00fa vyroben\u00e9 z kvalitnej 18 mm hrubej preglejky. | V sete je 5 \u0161trukt\u00far v rovnak\u00fdch rozmeroch pri\u010dom sa l\u00ed\u0161i.","og_url":"https:\/\/www.anatomic.sk\/eshop\/produkt\/lezecka-struktura-tent\/","og_site_name":"Anatomic.sk","article_publisher":"https:\/\/www.facebook.com\/anatomic.sk","article_modified_time":"2026-03-18T10:18:45+00:00","og_image":[{"width":1024,"height":1024,"url":"https:\/\/www.anatomic.sk\/eshop\/wp-content\/uploads\/2026\/01\/climbing-volumes-tent-family-3.jpg","type":"image\/jpeg"}],"twitter_card":"summary_large_image","twitter_misc":{"Predpokladan\u00fd \u010das \u010d\u00edtania":"2 min\u00faty"},"schema":{"@context":"https:\/\/schema.org","@graph":[{"@type":"WebPage","@id":"https:\/\/www.anatomic.sk\/eshop\/produkt\/lezecka-struktura-tent\/","url":"https:\/\/www.anatomic.sk\/eshop\/produkt\/lezecka-struktura-tent\/","name":"Tent | Dreven\u00e1 \u0161trukt\u00fara | anatomic.sk","isPartOf":{"@id":"https:\/\/www.anatomic.sk\/eshop\/#website"},"primaryImageOfPage":{"@id":"https:\/\/www.anatomic.sk\/eshop\/produkt\/lezecka-struktura-tent\/#primaryimage"},"image":{"@id":"https:\/\/www.anatomic.sk\/eshop\/produkt\/lezecka-struktura-tent\/#primaryimage"},"thumbnailUrl":"https:\/\/www.anatomic.sk\/eshop\/wp-content\/uploads\/2026\/01\/climbing-volumes-tent-family-3.jpg","datePublished":"2026-01-13T14:08:48+00:00","dateModified":"2026-03-18T10:18:45+00:00","description":"Lezeck\u00e9 \u0161trukt\u00fary Tent s\u00fa vyroben\u00e9 z kvalitnej 18 mm hrubej preglejky. | V sete je 5 \u0161trukt\u00far v rovnak\u00fdch rozmeroch pri\u010dom sa l\u00ed\u0161i.","breadcrumb":{"@id":"https:\/\/www.anatomic.sk\/eshop\/produkt\/lezecka-struktura-tent\/#breadcrumb"},"inLanguage":"sk-SK","potentialAction":[{"@type":"ReadAction","target":["https:\/\/www.anatomic.sk\/eshop\/produkt\/lezecka-struktura-tent\/"]}]},{"@type":"ImageObject","inLanguage":"sk-SK","@id":"https:\/\/www.anatomic.sk\/eshop\/produkt\/lezecka-struktura-tent\/#primaryimage","url":"https:\/\/www.anatomic.sk\/eshop\/wp-content\/uploads\/2026\/01\/climbing-volumes-tent-family-3.jpg","contentUrl":"https:\/\/www.anatomic.sk\/eshop\/wp-content\/uploads\/2026\/01\/climbing-volumes-tent-family-3.jpg","width":1024,"height":1024,"caption":"The Tents | Plywood Volumes | Tenty | Anatomic"},{"@type":"BreadcrumbList","@id":"https:\/\/www.anatomic.sk\/eshop\/produkt\/lezecka-struktura-tent\/#breadcrumb","itemListElement":[{"@type":"ListItem","position":1,"name":"Domovsk\u00e1 str\u00e1nka","item":"https:\/\/www.anatomic.sk\/eshop\/"},{"@type":"ListItem","position":2,"name":"Obchod","item":"https:\/\/www.anatomic.sk\/eshop\/obchod\/"},{"@type":"ListItem","position":3,"name":"Tent"}]},{"@type":"WebSite","@id":"https:\/\/www.anatomic.sk\/eshop\/#website","url":"https:\/\/www.anatomic.sk\/eshop\/","name":"Anatomic Climbing Holds","description":"Lezeck\u00e9 chyty a \u0161trukt\u00fary","publisher":{"@id":"https:\/\/www.anatomic.sk\/eshop\/#organization"},"potentialAction":[{"@type":"SearchAction","target":{"@type":"EntryPoint","urlTemplate":"https:\/\/www.anatomic.sk\/eshop\/?s={search_term_string}"},"query-input":{"@type":"PropertyValueSpecification","valueRequired":true,"valueName":"search_term_string"}}],"inLanguage":"sk-SK"},{"@type":"Organization","@id":"https:\/\/www.anatomic.sk\/eshop\/#organization","name":"Anatomic Climbing Holds","url":"https:\/\/www.anatomic.sk\/eshop\/","logo":{"@type":"ImageObject","inLanguage":"sk-SK","@id":"https:\/\/www.anatomic.sk\/eshop\/#\/schema\/logo\/image\/","url":"https:\/\/www.anatomic.sk\/eshop\/wp-content\/uploads\/2025\/12\/cropped-logo-anatomic-sk.png","contentUrl":"https:\/\/www.anatomic.sk\/eshop\/wp-content\/uploads\/2025\/12\/cropped-logo-anatomic-sk.png","width":200,"height":67,"caption":"Anatomic Climbing Holds"},"image":{"@id":"https:\/\/www.anatomic.sk\/eshop\/#\/schema\/logo\/image\/"},"sameAs":["https:\/\/www.facebook.com\/anatomic.sk","https:\/\/www.instagram.com\/anatomic_holds_walls\/"]}]}},"_links":{"self":[{"href":"https:\/\/www.anatomic.sk\/eshop\/wp-json\/wp\/v2\/product\/11007","targetHints":{"allow":["GET"]}}],"collection":[{"href":"https:\/\/www.anatomic.sk\/eshop\/wp-json\/wp\/v2\/product"}],"about":[{"href":"https:\/\/www.anatomic.sk\/eshop\/wp-json\/wp\/v2\/types\/product"}],"version-history":[{"count":10,"href":"https:\/\/www.anatomic.sk\/eshop\/wp-json\/wp\/v2\/product\/11007\/revisions"}],"predecessor-version":[{"id":11024,"href":"https:\/\/www.anatomic.sk\/eshop\/wp-json\/wp\/v2\/product\/11007\/revisions\/11024"}],"wp:featuredmedia":[{"embeddable":true,"href":"https:\/\/www.anatomic.sk\/eshop\/wp-json\/wp\/v2\/media\/11012"}],"wp:attachment":[{"href":"https:\/\/www.anatomic.sk\/eshop\/wp-json\/wp\/v2\/media?parent=11007"}],"wp:term":[{"taxonomy":"product_brand","embeddable":true,"href":"https:\/\/www.anatomic.sk\/eshop\/wp-json\/wp\/v2\/product_brand?post=11007"},{"taxonomy":"product_cat","embeddable":true,"href":"https:\/\/www.anatomic.sk\/eshop\/wp-json\/wp\/v2\/product_cat?post=11007"},{"taxonomy":"product_tag","embeddable":true,"href":"https:\/\/www.anatomic.sk\/eshop\/wp-json\/wp\/v2\/product_tag?post=11007"}],"curies":[{"name":"wp","href":"https:\/\/api.w.org\/{rel}","templated":true}]}}